ousands digit of 14212?
4
What is the hundreds digit of 9002?
0
What is the thousands digit of 12992?
2
What is the tens digit of 17715?
1
What is the thousands digit of 4548?
4
What is the ten thousands digit of 121329?
2
What is the units digit of 372?
2
What is the hundreds digit of 7733?
7
What is the thousands digit of 44158?
4
What is the units digit of 25213?
3
What is the thousands digit of 22256?
2
What is the tens digit of 31752?
5
What is the units digit of 47059?
9
What is the units digit of 4764?
4
What is the thousands digit of 12567?
2
What is the tens digit of 2145?
4
What is the thousands digit of 1711?
1
What is the ten thousands digit of 107141?
0
What is the units digit of 394?
4
What is the units digit of 11312?
2
What is the tens digit of 17120?
2
What is the hundreds digit of 27898?
8
What is the ten thousands digit of 53504?
5
What is the hundreds digit of 44090?
0
What is the tens digit of 3038?
3
What is the hundreds digit of 147?
1
What is the tens digit of 82951?
5
What is the thousands digit of 2757?
2
What is the thousands digit of 12702?
2
What is the hundreds digit of 3355?
3
What is the tens digit of 2936?
3
What is the hundreds digit of 38797?
7
What is the tens digit of 2303?
0
What is the hundreds digit of 576?
5
What is the ten thousands digit of 20511?
2
What is the units digit of 437?
7
What is the hundreds digit of 599?
5
What is the units digit of 25669?
9
What is the thousands digit of 4374?
4
What is the thousands digit of 113992?
3
What is the tens digit of 97783?
8
What is the ten thousands digit of 20419?
2
What is the thousands digit of 33329?
3
What is the units digit of 2929?
9
What is the hundreds digit of 885?
8
What is the tens digit of 4259?
5
What is the tens digit of 856?
5
What is the hundreds digit of 77840?
8
What is the tens digit of 5129?
2
What is the units digit of 27659?
9
What is the ten thousands digit of 18335?
1
What is the units digit of 5260?
0
What is the tens digit of 19303?
0
What is the hundreds digit of 13265?
2
What is the hundreds digit of 424?
4
What is the tens digit of 974?
7
What is the units digit of 5434?
4
What is the tens digit of 7163?
6
What is the units digit of 1404?
4
What is the units digit of 3831?
1
What is the hundreds digit of 31747?
7
What is the hundreds digit of 344?
3
What is the tens digit of 95967?
6
What is the units digit of 218?
8
What is the units digit of 1429?
9
What is the units digit of 4345?
5
What is the hundreds digit of 1910?
9
What is the hundreds digit of 1601?
6
What is the thousands digit of 4082?
4
What is the units digit of 12691?
1
What is the tens digit of 32345?
4
What is the units digit of 280?
0
What is the hundreds digit of 19739?
7
What is the hundreds digit of 16903?
9
What is the tens digit of 471?
7
What is the hundreds digit of 2481?
4
What is the tens digit of 15561?
6
What is the tens digit of 314?
1
What is the units digit of 7?
7
What is the tens digit of 425?
2
What is the hundreds digit of 5525?
5
What is the hundreds digit of 8420?
4
What is the thousands digit of 4424?
4
What is the tens digit of 354?
5
What is the units digit of 252?
2
What is the hundreds digit of 511?
5
What is the hundreds digit of 737?
7
What is the units digit of 16491?
1
What is the tens digit of 35086?
8
What is the thousands digit of 1596?
1
What is the hundreds digit of 2988?
9
What is the tens digit of 6559?
5
What is the ten thousands digit of 75537?
7
What is the hundreds digit of 4884?
8
What is the tens digit of 16539?
3
What is the units digit of 11579?
9
What is the units digit of 1497?
7
What is the thousands digit of 42960?
2
What is the hundreds digit of 5679?
6
What is the tens digit of 1184?
8
What is the tens digit of 229?
2
What is the tens digit of 4681?
8
What is the units digit of 2550?
0
What is the hundreds digit of 8537?
5
What is the thousands digit of 64589?
4
What is the hundreds digit of 665?
6
What is the units digit of 9592?
2
What is the hundreds digit of 8437?
4
What is the hundreds digit of 23447?
4
What is the hundreds digit of 17854?
8
What is the tens digit of 5122?
2
What is the thousands digit of 2015?
2
What is the ten thousands digit of 53458?
5
What is the tens digit of 407?
0
What is the tens digit of 1955?
5
What is the hundreds digit of 2526?
5
What is the units digit of 6417?
7
What is the thousands digit of 1496?
1
What is the hundreds digit of 2470?
4
What is the units digit of 1065?
5
What is the thousands digit of 4350?
4
What is the units digit of 5108?
8
What is the hundreds digit of 177?
1
What is the thousands digit of 15612?
5
What is the tens digit of 683?
8
What is the tens digit of 10921?
2
What is the thousands digit of 14991?
4
What is the units digit of 33?
3
What is the thousands digit of 16731?
6
What is the units digit of 680?
0
What is the hundreds digit of 394?
3
What is the thousands digit of 1184?
1
What is the units digit of 4157?
7
What is the tens digit of 1594?
9
What is the thousands digit of 1809?
1
What is the units digit of 1276?
6
What is the tens digit of 378?
7
What is the hundreds digit of 134854?
8
What is the ten thousands digit of 58075?
5
What is the units digit of 998?
8
What is the units digit of 11896?
6
What is the tens digit of 5338?
3
What is the tens digit of 16025?
2
What is the units digit of 7374?
4
What is the hundreds digit of 27886?
8
What is the units digit of 96?
6
What is the units digit of 21413?
3
What is the units digit of 37362?
2
What is the thousands digit of 2957?
2
What is the ten thousands digit of 12373?
1
What is the units digit of 7485?
5
What is the tens digit of 38161?
6
What is the tens digit of 32515?
1
What is the units digit of 113048?
8
What is the units digit of 3163?
3
What is the units digit of 492?
2
What is the hundreds digit of 5603?
6
What is the hundreds digit of 48192?
1
What is the units digit of 802?
2
What is the tens digit of 381?
8
What is the units digit of 879?
9
What is the units digit of 976?
6
What is the ten thousands digit of 112226?
1
What is the tens digit of 6091?
9
What is the hundreds digit of 7603?
6
What is the ten thousands digit of 31757?
3
What is the hundreds digit of 872?
8
What is the units digit of 155799?
9
What is the thousands digit of 5814?
5
What is the units digit of 393?
3
What is the thousands digit of 2131?
2
What is the hundreds digit of 917?
9
What is the thousands digit of 52832?
2
What is the ten thousands digit of 46382?
4
What is the units digit of 17730?
0
What is the tens digit of 1038?
3
What is the units digit of 79?
9
What is the units digit of 9?
9
What is the units digit of 1415?
5
What is the hundreds digit of 4082?
0
What is the tens digit of 842?
4
What is the units digit of 7033?
3
What is the units digit of 4092?
2
What is the tens digit of 23894?
9
What is the ten thousands digit of 17115?
1
What is the thousands digit of 60424?
0
What is the units digit of 2?
2
What is the units digit of 9878?
8
What is the hundreds digit of 435?
4
What is the tens digit of 7364?
6
What is the units digit of 106?
6
What is the units digit of 688?
8
What is the hundreds digit of 77625?
6
What is the tens digit of 137490?
9
What is the tens digit of 4127?
2
What is the thousands digit of 70264?
0
What is the tens digit of 47454?
5
What is the thousands digit of 40014?
0
What is the hundreds digit of 5316?
3
What is the units digit of 651?
1
What is the tens digit of 59?
5
What is the thousands digit of 23908?
3
What is the tens digit of 56?
5
What is the hundreds digit of 727?
7
What is the thousands digit of 1633?
1
What is the thousands digit of 1713?
1
What is the hundreds digit of 19384?
3
What is the thousands digit of 1329?
1
What is the thousands digit of 1227?
1
What is the thousands digit of 3989?
3
What is the hundreds digit of 6274?
2
What is the thousands digit of 24119?
4
What is the thousands digit of 1699?
1
What is the thousands digit of 6840?
6
What is the hundreds digit of 681?
6
What is the hundreds digit of 327?
3
What is the thousands digit of 1939?
1
What is the ten thousands digit of 34198?
3
What is the hundreds digit of 429?
4
What is the units digit of 593?
3
What is the tens digit of 4837?
3
What is the thousands digit of 4280?
4
What is the uni